{"id":16129,"date":"2019-06-01T08:44:50","date_gmt":"2019-06-01T08:44:50","guid":{"rendered":"http:\/\/dev.kodesolution.work\/nonprofit\/charity\/charingo\/demo\/?page_id=16129"},"modified":"2019-06-01T08:44:50","modified_gmt":"2019-06-01T08:44:50","slug":"testimonial","status":"publish","type":"page","link":"https:\/\/laestrellaeventos.com.co\/index.php\/testimonial\/","title":{"rendered":"Testimonial"},"content":{"rendered":"<p>[vc_row full_width=&#8221;stretch_row&#8221; css=&#8221;.vc_custom_1574652905510{padding-top: 90px !important;padding-bottom: 80px !important;background-color: #f8f8f8 !important;}&#8221; paroller_image=&#8221;&#8221;][vc_column css=&#8221;.vc_custom_1552916517384{padding-top: 0px !important;}&#8221;][vc_row_inner][vc_column_inner]\t<div class=\"tm-sc tm-sc-testimonials tm-sc-testimonials-carousel testimonial-style7-current-theme owl-dots-light-skin owl-dots-center owl-nav-outer\">\r\n\t\t\r\n\t\r\n\t\t<!-- Isotope Gallery Grid -->\r\n\t\t<div id=\"testimonials-holder-179762\" class=\"owl-carousel owl-theme tm-owl-carousel-2col\" data-nav=\"true\" data-dots=\"true\" data-autoplay=\"true\" data-loop=\"true\" data-duration=\"6000\" data-smartspeed=\"300\" data-margin=\"30\" data-stagepadding=\"0\">\r\n\r\n\t\t\t<!-- the loop -->\r\n\t\t\t\t\t\t\t\t\t<div class=\"tm-carousel-item \">\r\n\t\t\t\t<div id=\"post-65\" class=\"tm-testimonial post-65 testimonials type-testimonials status-publish has-post-thumbnail hentry\">\r\n\t<div class=\"testimonial-inner\">\r\n\t\t<div class=\"testimonial-author-details\">\r\n\r\n\t\t\t<div class=\"testimonial-header\">\r\n\t\t\t\t\t\t\t\t<div class=\"testimonial-image-holder\">\r\n\t\t\t\t\t<div class=\"author-thumb\">\r\n\t\t\t\t\t\t\t\t\t\t<\/div>\r\n\t\t\t\t<\/div>\r\n\t\t\t\t\r\n\t\t\t\t<div class=\"author-info\">\r\n\t\t\t\t\t\t\t\t\t\t<h5 class=\"name\">Maria \u00c1lvarez<\/h5> \r\n\t\t\t\t\t\r\n\t\t\t\t\t\t\t\t\t\t<span class=\"job-position\"><\/span>\r\n\t\t\t\t\t\r\n\t\t\t\t\t\t\t\t\t\t<a class=\"company-url\" href=\"\"><\/a>\r\n\t\t\t\t\t\t\t\t\t<\/div>\r\n\t\t\t<\/div>\r\n\t\t\t\r\n\t\t\t<div class=\"testimonial-content\">\r\n\t\t\t\t\t\t\t\t<h5 class=\"testimonial-title\">Alquiler de sillas<\/h5>\r\n\t\t\t\t\r\n\t\t\t\t\t\t\t\t<div class=\"author-text\">\r\n\t\tExcelente servicio, las sillas y mesas de buena calidad y muy puntuales con la entrega y recogida.<\/div>\t\t\t\t\t\t\t\t\t\r\n\t\t\t\t\t\t\t\t<div class=\"star-rating\">\r\n\t<span style=\"width: 100%\"><\/span>\r\n<\/div>\t\t\t\t\t\t\t<\/div>\r\n\t\t<\/div>\r\n\t<\/div>\r\n<\/div>\t\t\t<\/div>\r\n\t\t\t\t\t\t\t\t\t<div class=\"tm-carousel-item \">\r\n\t\t\t\t<div id=\"post-15502\" class=\"tm-testimonial post-15502 testimonials type-testimonials status-publish has-post-thumbnail hentry\">\r\n\t<div class=\"testimonial-inner\">\r\n\t\t<div class=\"testimonial-author-details\">\r\n\r\n\t\t\t<div class=\"testimonial-header\">\r\n\t\t\t\t\t\t\t\t<div class=\"testimonial-image-holder\">\r\n\t\t\t\t\t<div class=\"author-thumb\">\r\n\t\t\t\t\t\t\t\t\t\t<\/div>\r\n\t\t\t\t<\/div>\r\n\t\t\t\t\r\n\t\t\t\t<div class=\"author-info\">\r\n\t\t\t\t\t\t\t\t\t\t<h5 class=\"name\">Juan Redondo<\/h5> \r\n\t\t\t\t\t\r\n\t\t\t\t\t\t\t\t\t\t<span class=\"job-position\"><\/span>\r\n\t\t\t\t\t\r\n\t\t\t\t\t\t\t\t\t\t<a class=\"company-url\" href=\"\"><\/a>\r\n\t\t\t\t\t\t\t\t\t<\/div>\r\n\t\t\t<\/div>\r\n\t\t\t\r\n\t\t\t<div class=\"testimonial-content\">\r\n\t\t\t\t\t\t\t\t<h5 class=\"testimonial-title\">Carpas<\/h5>\r\n\t\t\t\t\r\n\t\t\t\t\t\t\t\t<div class=\"author-text\">\r\n\t\tLas personas del montaje de las carpas fueron muy eficientes al momento de poner las carpas. Fue muy r\u00e1pido el montaje<\/div>\t\t\t\t\t\t\t\t\t\r\n\t\t\t\t\t\t\t\t<div class=\"star-rating\">\r\n\t<span style=\"width: 100%\"><\/span>\r\n<\/div>\t\t\t\t\t\t\t<\/div>\r\n\t\t<\/div>\r\n\t<\/div>\r\n<\/div>\t\t\t<\/div>\r\n\t\t\t\t\t\t\t\t\t<div class=\"tm-carousel-item \">\r\n\t\t\t\t<div id=\"post-15501\" class=\"tm-testimonial post-15501 testimonials type-testimonials status-publish has-post-thumbnail hentry\">\r\n\t<div class=\"testimonial-inner\">\r\n\t\t<div class=\"testimonial-author-details\">\r\n\r\n\t\t\t<div class=\"testimonial-header\">\r\n\t\t\t\t\t\t\t\t<div class=\"testimonial-image-holder\">\r\n\t\t\t\t\t<div class=\"author-thumb\">\r\n\t\t\t\t\t\t\t\t\t\t<\/div>\r\n\t\t\t\t<\/div>\r\n\t\t\t\t\r\n\t\t\t\t<div class=\"author-info\">\r\n\t\t\t\t\t\t\t\t\t\t<h5 class=\"name\">Liliana C\u00e1ceres<\/h5> \r\n\t\t\t\t\t\r\n\t\t\t\t\t\t\t\t\t\t<span class=\"job-position\"><\/span>\r\n\t\t\t\t\t\r\n\t\t\t\t\t\t\t\t\t\t<a class=\"company-url\" href=\"\"><\/a>\r\n\t\t\t\t\t\t\t\t\t<\/div>\r\n\t\t\t<\/div>\r\n\t\t\t\r\n\t\t\t<div class=\"testimonial-content\">\r\n\t\t\t\t\t\t\t\t<h5 class=\"testimonial-title\">Eventos<\/h5>\r\n\t\t\t\t\r\n\t\t\t\t\t\t\t\t<div class=\"author-text\">\r\n\t\tEl evento fue un \u00e9xito con la decoraci\u00f3n de todo el sal\u00f3n, ademas las sillas y mesas se adecuaron muy bien.<\/div>\t\t\t\t\t\t\t\t\t\r\n\t\t\t\t\t\t\t\t<div class=\"star-rating\">\r\n\t<span style=\"width: 100%\"><\/span>\r\n<\/div>\t\t\t\t\t\t\t<\/div>\r\n\t\t<\/div>\r\n\t<\/div>\r\n<\/div>\t\t\t<\/div>\r\n\t\t\t\t\t\t<!-- end of the loop -->\r\n\t\t<\/div>\r\n\t\t\t<\/div>\r\n\r\n[\/vc_column_inner][\/vc_row_inner][\/vc_column][\/vc_row]<\/p>\n","protected":false},"excerpt":{"rendered":"<p>[vc_row full_width=&#8221;stretch_row&#8221; css=&#8221;.vc_custom_1574652905510{padding-top: 90px !important;padding-bottom: 80px !important;background-color: #f8f8f8 !important;}&#8221; paroller_image=&#8221;&#8221;][vc_column css=&#8221;.vc_custom_1552916517384{padding-top: 0px !important;}&#8221;][vc_row_inner][vc_column_inner][\/vc_column_inner][\/vc_row_inner][\/vc_column][\/vc_row]<\/p>\n","protected":false},"author":1,"featured_media":0,"parent":0,"menu_order":0,"comment_status":"closed","ping_status":"closed","template":"","meta":{"footnotes":""},"class_list":["post-16129","page","type-page","status-publish","hentry"],"_links":{"self":[{"href":"https:\/\/laestrellaeventos.com.co\/index.php\/wp-json\/wp\/v2\/pages\/16129","targetHints":{"allow":["GET"]}}],"collection":[{"href":"https:\/\/laestrellaeventos.com.co\/index.php\/wp-json\/wp\/v2\/pages"}],"about":[{"href":"https:\/\/laestrellaeventos.com.co\/index.php\/wp-json\/wp\/v2\/types\/page"}],"author":[{"embeddable":true,"href":"https:\/\/laestrellaeventos.com.co\/index.php\/wp-json\/wp\/v2\/users\/1"}],"replies":[{"embeddable":true,"href":"https:\/\/laestrellaeventos.com.co\/index.php\/wp-json\/wp\/v2\/comments?post=16129"}],"version-history":[{"count":0,"href":"https:\/\/laestrellaeventos.com.co\/index.php\/wp-json\/wp\/v2\/pages\/16129\/revisions"}],"wp:attachment":[{"href":"https:\/\/laestrellaeventos.com.co\/index.php\/wp-json\/wp\/v2\/media?parent=16129"}],"curies":[{"name":"wp","href":"https:\/\/api.w.org\/{rel}","templated":true}]}}